 -3*l + 22, -6*l = -5*l + 3*s - 18. Suppose -l*q + 6 = -0. What is the units digit of (-3 + 1)/(3/(-24))*q?
6
Suppose -27*o - 27 = 27. Let u(h) = -46*h**3 - 3*h**2 + h - 1. What is the hundreds digit of u(o)?
3
Let y be (12/1 + 0)*(-1)/2. Let f(v) = 2*v**2 + 5*v + 0*v**2 - v. What is the units digit of f(y)?
8
Let j = -13368 + 20050. What is the thousands digit of j?
6
What is the tens digit of 4 - (93/30 - -1) - 874155/(-50)?
8
Suppose -13 = -2*u - 5*o, 3*o - 12 = -u + 4*u. What is the tens digit of (u - 1141/2)*8/(-12)?
8
Let y = 373 - 689. Let s = 1142 + y. What is the tens digit of s?
2
Let r be (-4)/18 + 70/315. Suppose 5*p + r*p - 5*g - 2965 = 0, 1188 = 2*p - g. What is the tens digit of p?
9
Let s = 255 - 114. What is the hundreds digit of s + 21/3 - (-4 - -1)?
1
Let t be 36/(-30)*(3 - (10 + -2)). Suppose 0 = -t*d + 498 + 1302. What is the units digit of d?
0
Let d = 9150 + -6479. Let c = -1623 + d. What is the tens digit of c?
4
Let o(q) = 13*q + 32. Let x be o(0). Let j = 2 + -13. Let y = x + j. What is the tens digit of y?
2
Let i = -7499 + 10069. What is the units digit of i?
0
Suppose 43*y = -32627 + 152081. What is the hundreds digit of y?
7
Suppose -4*h - 3*g + 10130 = 0, -10*h - 5*g = -8*h - 5044. What is the units digit of h?
7
Let q = -1995 + 10869. What is the hundreds digit of q?
8
Let g(v) = 138*v - 33. Let o be g(18). Suppose 18*i + 183 - o = 0. What is the hundreds digit of i?
1
Let k(w) = -16*w + 39. Let p = -16 + 22. Let m be k(p). What is the tens digit of -2 + 0 + 1 - m?
5
Let z(t) = -12*t**3 + 2*t**2 + 24*t + 49. What is the hundreds digit of z(-9)?
7
Suppose -3*w - 4*r = -40, -2*r = -5*w - 0*r + 32. Suppose -x + 5*x + w = -5*d, 4*x - d = 16. Suppose -v = x*v - 948. What is the units digit of v?
7
Let f = -1525 + 4844. What is the thousands digit of f?
3
Let o be (11/33*15)/(-1*2/(-2)). Suppose 75 = u + 11. Suppose -u = 3*p + o*d - 277, -3*p - 2*d = -204. What is the units digit of p?
6
Let l(v) = -v - 2. Let k be l(-5). Suppose 50 = -2*f + 5*d, 3*f - 4*d + 49 = -k*d. What is the units digit of (1 - 127)/(f/10)?
4
Let f = -668 + 514. Let o = f - -353. What is the hundreds digit of o?
1
What is the tens digit of 9402 + 99 + (-1)/((-2)/8*1)?
0
Suppose -17*u + 21*u - 5*x - 32453 = 0, -2*u + 16246 = 4*x. What is the hundreds digit of u?
1
Suppose 9*n - 8*n - 225 = 0. Suppose n + 315 = 5*g. What is the units digit of g?
8
Suppose j + 15 = 19. Suppose -21 = -j*b + 5*q, -5*q - 36 = b - 10. What is the units digit of (163*b*1)/(-5 - -4)?
3
Let b(o) = -139*o**3 + 5*o**2 + 51*o + 305. What is the tens digit of b(-5)?
5
Let w be 2/((-1)/(-4 + 1)). Suppose 0 = -3*i + w, -k - 4*i + 132 = -82. What is the units digit of k?
6
Suppose 2*g + 868 = -4. Let o = -240 - g. What is the tens digit of o?
9
What is the hundreds digit of (-23)/2*((-2119628)/949 + 12/(-26))?
6
Let r(v) = 10*v**2 + 55*v - 34. Let j be r(15). Suppose -5*i + j = 4*k, -k - 3*k + 3040 = 4*i. What is the tens digit of k?
5
Let m be (135/10)/3*-2 + -1. What is the hundreds digit of (27398/(-95))/(4/m)?
7
Let z(v) = -v**3 + 11*v**2 + 3*v + 25. Suppose 0*l - 3 = -l. Suppose -4*y + l*h + 53 = 0, -h + 25 = 2*y - 2*h. What is the units digit of z(y)?
8
Let h = -777 - -1577. Suppose -5*k + 4*k = -5*p + h, 3*p = -4*k + 480. What is the tens digit of p?
6
Suppose -64*o + 60*o = -2*t - 23038, 11504 = 2*o + 4*t. What is the hundreds digit of o?
7
Suppose -2*h = h + y + 3, -9 = -2*h + 3*y. Suppose h = -9*i + 17*i - 4960. What is the tens digit of i?
2
Let g(n) = -177*n + 175. Let r be g(5). Let c = 89 - r. What is the hundreds digit of c?
7
What is the units digit of ((-7384)/20)/(12/(-1200)*8)?
5
Suppose b + 4*d = -3*b - 68, -d - 32 = 2*b. What is the tens digit of (641/(-6))/(b/90)?
4
Suppose 0 = -42*p - 49*p + 1102465. What is the thousands digit of p?
2
Let p(x) = -16*x**3 + 56*x**2 + 464*x + 9. What is the thousands digit of p(-12)?
0
Let t(g) = -706*g - 115. Let x be t(-3). Suppose 5*z - 5*k - x = 242, 4*z + 5*k - 1832 = 0. What is the units digit of z?
3
Let k = 12740 + 1776. What is the units digit of k?
6
What is the hundreds digit of 9 - 466*2222/(-44)?
5
Suppose 5*d - 7726 = -4*i, 18*i - 17*i - 1900 = 4*d. What is the thousands digit of i?
1
Let y(s) = 5841*s - 935. What is the units digit of y(2)?
7
Let q(c) = -3*c**2 + 7*c + 13. Let v be q(21). Let j = -742 - v. What is the hundreds digit of j?
4
Let l(d) = -8*d**3 - 2*d**2 + 24*d - 35. What is the thousands digit of l(-11)?
0
Suppose -3*p - 3*y + 30 = 0, 2*p + 7*y - 2*y - 35 = 0. Suppose -p*h = 2*t - 1286, 1261 = 4*h + 5*t + 239. What is the tens digit of h?
5
Suppose -70*y = -72*y + 50. Suppose 0 = -69*f + 64*f + y. Suppose f*h - 12*h + 336 = 0. What is the units digit of h?
8
Suppose -4*b + 2*b = -18. Let l(p) = 107 - 176 + 17*p + 6*p + 104 - 6*p. What is the tens digit of l(b)?
8
Let z be (-10 - -6) + 0 - 50*-1. Suppose 16*x - z*x = -22200. What is the hundreds digit of x?
7
Let y(i) = -47*i**3 + 5*i**2 + i - 4. Let g be y(-3). Suppose -5*w + 3*c = -973 - 1224, 0 = -3*w - c + g. What is the tens digit of w?
3
What is the units digit of -5*(-20)/(-10) + 7241?
1
Let w(p) = 246*p**2 + 53*p + 76. What is the tens digit of w(-10)?
4
Let h = -93 - -92. Let l be ((-2)/6)/((h/18)/1). What is the units digit of 9/l*3*388/18?
7
Suppose u + 2*u - 17646 + 1785 = 0. What is the units digit of u?
7
Let v(p) = 2 + 30 + 12*p + 7 + 29*p. What is the units digit of v(6)?
5
Let j = -106 - -135. Let o(a) = 13*a - 355. What is the units digit of o(j)?
2
Let t = 788 + -767. Suppose t*d - 23280 - 4776 = 0. What is the tens digit of d?
3
Let f = 12017 + -11906. Let w = -3 + 244. Let g = w - f. What is the units digit of g?
0
Let l = 2833 + -1281. Suppose -l = -0*f - 4*f. Suppose 3*i - 529 = v, -2*v + 314 + f = 4*i. What is the tens digit of i?
7
Let l(j) = 18 + 8 + j**3 + 0*j**3 - 10*j - 75 + 12*j**2. What is the hundreds digit of l(-10)?
2
Suppose -8*c + 11*c = k - 8, 0 = -2*c - 10. Let z(i) = i + 12. Let w be z(k). Suppose 2*d = w*l - 618, 0*d + 3*d = 3. What is the units digit of l?
4
Suppose -4*q = -215*h + 211*h + 199828, -2*q = -5*h + 249779. What is the hundreds digit of h?
9
Let y = 89 + -89. Suppose y = 7*h - 410 + 4. What is the units digit of h?
8
Let w(p) = 1787*p**2 - 4*p + 14. What is the tens digit of w(2)?
5
Suppose -26*n + 27074 = 2*o - 22*n, -4*o + 4*n = -54088. What is the tens digit of o?
2
Let t be 92/(-6) + (-32)/(-24). Let h(s) = s**2 - 19*s - 23. Let f be h(t). Let a = f - 164. What is the tens digit of a?
7
Let d(m) = -218*m - 1780. What is the tens digit of d(-59)?
8
Let f = -44 - -44. Suppose -4*w + 3*v + 388 = 7*v, f = -2*w + v + 197. What is the tens digit of w?
9
Let o(i) = 8*i - 14 - 4*i + 3. What is the units digit of o(5)?
9
Let x(l) = 4*l**2 + 5*l - 9. Let w(i) = -5*i**2 - 6*i + 10. Let f(o) = -5*w(o) - 6*x(o). Let a be f(2). What is the tens digit of (-2 + 20)/(9 - a)?
1
What is the thousands digit of (-2 + -10)*(-63)/180*1345?
5
Let h(t) = t**2 + 52*t + 34. Let v be h(0). Let g = 0 - -40. Suppose -v*m + g = -33*m. What is the units digit of m?
0
Let i = 287 + -287. Suppose -c + 5*z + 8 = i, -5*c + 3*z + 84 = -0*z. What is the tens digit of c?
1
Let m = 58451 - 16926. What is the tens digit of m?
2
Let r(z) = 365*z**2 - z - 79. What is the ten thousands digit of r(-6)?
1
Let i be 3 - ((-13 - -3) + 0 + 3). Let s(k) = k - 21. Let f be s(i). Let x = 81 + f. What is the tens digit of x?
7
Suppose 76746 = 2*c + c + 2*u, 0 = -4*u - 12. Suppose -39*s + 23*s = -c. What is the thousands digit of s?
1
Suppose 0 = -71*r + 69*r + 44. Suppose 3*n + n - 84 = 0. Suppose r*b = n*b + 144. What is the hundreds digit of b?
1
Let w = 19946 + -7263. What is the hundreds digit of w?
6
Let u = -107 - -164. Suppose -3*q = 2*w - u - 265, 218 = 2*q + 2*w. What is the units digit of q?
4
Let c(p) = p**2 + 21*p + 21. Let v be c(-18). Let i = -61 - v. What is the tens digit of 6 + -3 - 3 - i?
2
Suppose 2 = o, -19*r - 4*o + 11384 = -17*r. What is the hundreds digit of r?
6
Let x(q) = -q**3 - 18*q**2 - 45*q - 63. Let h(z) = z**3 - 6*z**2 - 8*z + 33. Let l be h(3). What is the hundreds digit of x(l)?
7
Suppose -k - 25 = -21, 4*y - 12 = k. What is the tens digit of 10452/18*((-7)/(-2) - y)?
7
Let j(a) = -5*a + 52. Let x be j(6)